{"id":118,"date":"2023-10-09T23:40:09","date_gmt":"2023-10-09T21:40:09","guid":{"rendered":"https:\/\/dev1.websketches.net\/ethiopia\/?page_id=118"},"modified":"2023-10-10T13:18:22","modified_gmt":"2023-10-10T11:18:22","slug":"entstehung","status":"publish","type":"page","link":"https:\/\/www.brueckezuisrael.org\/ethiopia\/ueber-uns\/entstehung\/","title":{"rendered":"Entstehung"},"content":{"rendered":"\t\t<div data-elementor-type=\"wp-page\" data-elementor-id=\"118\" class=\"elementor elementor-118\" data-elementor-post-type=\"page\">\n\t\t\t\t\t\t<section class=\"elementor-section elementor-top-section elementor-element elementor-element-ee8d440 elementor-section-boxed elementor-section-height-default elementor-section-height-default\" data-id=\"ee8d440\" data-element_type=\"section\" data-e-type=\"section\">\n\t\t\t\t\t\t<div class=\"elementor-container elementor-column-gap-default\">\n\t\t\t\t\t<div class=\"elementor-column elementor-col-100 elementor-top-column elementor-element elementor-element-738ab6b\" data-id=\"738ab6b\" data-element_type=\"column\" data-e-type=\"column\">\n\t\t\t<div class=\"elementor-widget-wrap elementor-element-populated\">\n\t\t\t\t\t\t<div class=\"elementor-element elementor-element-3305c23 elementor-widget elementor-widget-text-editor\" data-id=\"3305c23\" data-element_type=\"widget\" data-e-type=\"widget\" data-widget_type=\"text-editor.default\">\n\t\t\t\t<div class=\"elementor-widget-container\">\n\t\t\t\t\t\t\t\t\t<p>Die &#171;Br\u00fccke der Hoffnung&#187; ist aus der Arbeit von Magdalena\u00a0(\u2020) und Timotheus\u00a0(\u2020) Augstburger im Rahmen des Hilfswerks &#171;Br\u00fccke zu Israel&#187; entstanden und hie\u00df zun\u00e4chst &#171;Br\u00fccke zu Israel in \u00c4thiopien&#187;.<\/p><p>Vor ca. 15 Jahren besuchten Magdalena und Timotheus ein \u00e4thiopisches Fl\u00fcchtlingslager in Jerusalem \/ Israel und erfuhren durch die Fl\u00fcchtlinge von\u00a0deren\u00a0gro\u00dfen\u00a0Armut.\u00a0Mit dem wenigen Geld, was ihnen in Israel zur Verf\u00fcgung stand, unterst\u00fctzten sie noch ihre Angeh\u00f6rigen in der Heimat. Das Schweizer Ehepaar\u00a0besuchte bald darauf die Familien der Fl\u00fcchtlinge in \u00c4thiopien und es entstand der Wunsch, zu helfen.\u00a0Den\u00a0Antrag, als Hilfswerk in \u00c4thiopien wirken zu d\u00fcrfen, bekamen sie von der Regierung nach einem Jahr\u00a0genehmigt und um ihre Vision umsetzen zu k\u00f6nnen, erhielten sie\u00a020 Hektar Land am Rand von Gondar, einer Stadt im Norden des Landes.<\/p><p>Auf dem komplett unbebauten und brachen Land entstand mithilfe von vielen Spenden das\u00a0wundersch\u00f6ne Dorf &#171;Morgenstern&#187; mit modernen Geb\u00e4uden und Einrichtungen, in dem heute 150 Waisenkinder leben d\u00fcrfen. Sie werden betreut von 97 dauerhaft angestellten Mitarbeitern, welche damit ein geregeltes Einkommen haben. Zus\u00e4tzlich werden Tagesmitarbeiter besch\u00e4ftigt.<\/p><p>Br\u00fccke der Hoffnung Gondar ist eine der besten Kinderf\u00fcrsorge-Organisationen\u00a0in \u00c4thiopien und schafft durch individuelle Betreuung und enge Beziehungen eine famili\u00e4re Umgebung f\u00fcr die Kinder, in der sie gesch\u00fctzt und\u00a0gefestigt\u00a0aufwachsen k\u00f6nnen.\u00a0<\/p>\t\t\t\t\t\t\t\t<\/div>\n\t\t\t\t<\/div>\n\t\t\t\t\t<\/div>\n\t\t<\/div>\n\t\t\t\t\t<\/div>\n\t\t<\/section>\n\t\t\t\t<\/div>\n\t\t","protected":false},"excerpt":{"rendered":"<p>Die &#171;Br\u00fccke der Hoffnung&#187; ist aus der Arbeit von Magdalena\u00a0(\u2020) und Timotheus\u00a0(\u2020) Augstburger im Rahmen des Hilfswerks &#171;Br\u00fccke zu Israel&#187; entstanden und hie\u00df zun\u00e4chst &#171;Br\u00fccke zu Israel in \u00c4thiopien&#187;. Vor ca. 15 Jahren besuchten Magdalena und Timotheus ein \u00e4thiopisches Fl\u00fcchtlingslager in Jerusalem \/ Israel und erfuhren durch die Fl\u00fcchtlinge von\u00a0deren\u00a0gro\u00dfen\u00a0Armut.\u00a0Mit dem wenigen Geld, was ihnen [&hellip;]<\/p>\n","protected":false},"author":1,"featured_media":0,"parent":115,"menu_order":0,"comment_status":"closed","ping_status":"closed","template":"","meta":{"footnotes":""},"class_list":["post-118","page","type-page","status-publish","hentry"],"yoast_head":"<!-- This site is optimized with the Yoast SEO plugin v27.6 - https:\/\/yoast.com\/product\/yoast-seo-wordpress\/ -->\n<title>Entstehung - Br\u00fccke der Hoffnung<\/title>\n<meta name=\"robots\" content=\"index, follow, max-snippet:-1, max-image-preview:large, max-video-preview:-1\" \/>\n<link rel=\"canonical\" href=\"https:\/\/www.brueckezuisrael.org\/ethiopia\/ueber-uns\/entstehung\/\" \/>\n<meta property=\"og:locale\" content=\"de_DE\" \/>\n<meta property=\"og:type\" content=\"article\" \/>\n<meta property=\"og:title\" content=\"Entstehung - Br\u00fccke der Hoffnung\" \/>\n<meta property=\"og:description\" content=\"Die &#171;Br\u00fccke der Hoffnung&#187; ist aus der Arbeit von Magdalena\u00a0(\u2020) und Timotheus\u00a0(\u2020) Augstburger im Rahmen des Hilfswerks &#171;Br\u00fccke zu Israel&#187; entstanden und hie\u00df zun\u00e4chst &#171;Br\u00fccke zu Israel in \u00c4thiopien&#187;. Vor ca. 15 Jahren besuchten Magdalena und Timotheus ein \u00e4thiopisches Fl\u00fcchtlingslager in Jerusalem \/ Israel und erfuhren durch die Fl\u00fcchtlinge von\u00a0deren\u00a0gro\u00dfen\u00a0Armut.\u00a0Mit dem wenigen Geld, was ihnen [&hellip;]\" \/>\n<meta property=\"og:url\" content=\"https:\/\/www.brueckezuisrael.org\/ethiopia\/ueber-uns\/entstehung\/\" \/>\n<meta property=\"og:site_name\" content=\"Br\u00fccke der Hoffnung\" \/>\n<meta property=\"article:modified_time\" content=\"2023-10-10T11:18:22+00:00\" \/>\n<meta property=\"og:image\" content=\"https:\/\/www.brueckezuisrael.org\/ethiopia\/wp-content\/uploads\/sites\/5\/2023\/10\/BoH-favicon.png\" \/>\n\t<meta property=\"og:image:width\" content=\"640\" \/>\n\t<meta property=\"og:image:height\" content=\"640\" \/>\n\t<meta property=\"og:image:type\" content=\"image\/png\" \/>\n<meta name=\"twitter:card\" content=\"summary_large_image\" \/>\n<meta name=\"twitter:label1\" content=\"Gesch\u00e4tzte Lesezeit\" \/>\n\t<meta name=\"twitter:data1\" content=\"2\u00a0Minuten\" \/>\n<script type=\"application\/ld+json\" class=\"yoast-schema-graph\">{\"@context\":\"https:\\\/\\\/schema.org\",\"@graph\":[{\"@type\":\"WebPage\",\"@id\":\"https:\\\/\\\/www.brueckezuisrael.org\\\/ethiopia\\\/ueber-uns\\\/entstehung\\\/\",\"url\":\"https:\\\/\\\/www.brueckezuisrael.org\\\/ethiopia\\\/ueber-uns\\\/entstehung\\\/\",\"name\":\"Entstehung - Br\u00fccke der Hoffnung\",\"isPartOf\":{\"@id\":\"https:\\\/\\\/www.brueckezuisrael.org\\\/ethiopia\\\/#website\"},\"datePublished\":\"2023-10-09T21:40:09+00:00\",\"dateModified\":\"2023-10-10T11:18:22+00:00\",\"breadcrumb\":{\"@id\":\"https:\\\/\\\/www.brueckezuisrael.org\\\/ethiopia\\\/ueber-uns\\\/entstehung\\\/#breadcrumb\"},\"inLanguage\":\"de-CH\",\"potentialAction\":[{\"@type\":\"ReadAction\",\"target\":[\"https:\\\/\\\/www.brueckezuisrael.org\\\/ethiopia\\\/ueber-uns\\\/entstehung\\\/\"]}]},{\"@type\":\"BreadcrumbList\",\"@id\":\"https:\\\/\\\/www.brueckezuisrael.org\\\/ethiopia\\\/ueber-uns\\\/entstehung\\\/#breadcrumb\",\"itemListElement\":[{\"@type\":\"ListItem\",\"position\":1,\"name\":\"Home\",\"item\":\"https:\\\/\\\/www.brueckezuisrael.org\\\/ethiopia\\\/\"},{\"@type\":\"ListItem\",\"position\":2,\"name\":\"\u00dcber uns\",\"item\":\"https:\\\/\\\/www.brueckezuisrael.org\\\/ethiopia\\\/ueber-uns\\\/\"},{\"@type\":\"ListItem\",\"position\":3,\"name\":\"Entstehung\"}]},{\"@type\":\"WebSite\",\"@id\":\"https:\\\/\\\/www.brueckezuisrael.org\\\/ethiopia\\\/#website\",\"url\":\"https:\\\/\\\/www.brueckezuisrael.org\\\/ethiopia\\\/\",\"name\":\"Br\u00fccke der Hoffnung\",\"description\":\"Br\u00fccke zu Israel in \u00c4thiopien\",\"publisher\":{\"@id\":\"https:\\\/\\\/www.brueckezuisrael.org\\\/ethiopia\\\/#organization\"},\"potentialAction\":[{\"@type\":\"SearchAction\",\"target\":{\"@type\":\"EntryPoint\",\"urlTemplate\":\"https:\\\/\\\/www.brueckezuisrael.org\\\/ethiopia\\\/?s={search_term_string}\"},\"query-input\":{\"@type\":\"PropertyValueSpecification\",\"valueRequired\":true,\"valueName\":\"search_term_string\"}}],\"inLanguage\":\"de-CH\"},{\"@type\":\"Organization\",\"@id\":\"https:\\\/\\\/www.brueckezuisrael.org\\\/ethiopia\\\/#organization\",\"name\":\"Br\u00fccke der Hoffnung\",\"url\":\"https:\\\/\\\/www.brueckezuisrael.org\\\/ethiopia\\\/\",\"logo\":{\"@type\":\"ImageObject\",\"inLanguage\":\"de-CH\",\"@id\":\"https:\\\/\\\/www.brueckezuisrael.org\\\/ethiopia\\\/#\\\/schema\\\/logo\\\/image\\\/\",\"url\":\"https:\\\/\\\/dev1.websketches.net\\\/ethiopia\\\/wp-content\\\/uploads\\\/sites\\\/5\\\/2023\\\/10\\\/BoH-favicon.png\",\"contentUrl\":\"https:\\\/\\\/dev1.websketches.net\\\/ethiopia\\\/wp-content\\\/uploads\\\/sites\\\/5\\\/2023\\\/10\\\/BoH-favicon.png\",\"width\":640,\"height\":640,\"caption\":\"Br\u00fccke der Hoffnung\"},\"image\":{\"@id\":\"https:\\\/\\\/www.brueckezuisrael.org\\\/ethiopia\\\/#\\\/schema\\\/logo\\\/image\\\/\"}}]}<\/script>\n<!-- \/ Yoast SEO plugin. -->","yoast_head_json":{"title":"Entstehung - Br\u00fccke der Hoffnung","robots":{"index":"index","follow":"follow","max-snippet":"max-snippet:-1","max-image-preview":"max-image-preview:large","max-video-preview":"max-video-preview:-1"},"canonical":"https:\/\/www.brueckezuisrael.org\/ethiopia\/ueber-uns\/entstehung\/","og_locale":"de_DE","og_type":"article","og_title":"Entstehung - Br\u00fccke der Hoffnung","og_description":"Die &#171;Br\u00fccke der Hoffnung&#187; ist aus der Arbeit von Magdalena\u00a0(\u2020) und Timotheus\u00a0(\u2020) Augstburger im Rahmen des Hilfswerks &#171;Br\u00fccke zu Israel&#187; entstanden und hie\u00df zun\u00e4chst &#171;Br\u00fccke zu Israel in \u00c4thiopien&#187;. Vor ca. 15 Jahren besuchten Magdalena und Timotheus ein \u00e4thiopisches Fl\u00fcchtlingslager in Jerusalem \/ Israel und erfuhren durch die Fl\u00fcchtlinge von\u00a0deren\u00a0gro\u00dfen\u00a0Armut.\u00a0Mit dem wenigen Geld, was ihnen [&hellip;]","og_url":"https:\/\/www.brueckezuisrael.org\/ethiopia\/ueber-uns\/entstehung\/","og_site_name":"Br\u00fccke der Hoffnung","article_modified_time":"2023-10-10T11:18:22+00:00","og_image":[{"width":640,"height":640,"url":"https:\/\/www.brueckezuisrael.org\/ethiopia\/wp-content\/uploads\/sites\/5\/2023\/10\/BoH-favicon.png","type":"image\/png"}],"twitter_card":"summary_large_image","twitter_misc":{"Gesch\u00e4tzte Lesezeit":"2\u00a0Minuten"},"schema":{"@context":"https:\/\/schema.org","@graph":[{"@type":"WebPage","@id":"https:\/\/www.brueckezuisrael.org\/ethiopia\/ueber-uns\/entstehung\/","url":"https:\/\/www.brueckezuisrael.org\/ethiopia\/ueber-uns\/entstehung\/","name":"Entstehung - Br\u00fccke der Hoffnung","isPartOf":{"@id":"https:\/\/www.brueckezuisrael.org\/ethiopia\/#website"},"datePublished":"2023-10-09T21:40:09+00:00","dateModified":"2023-10-10T11:18:22+00:00","breadcrumb":{"@id":"https:\/\/www.brueckezuisrael.org\/ethiopia\/ueber-uns\/entstehung\/#breadcrumb"},"inLanguage":"de-CH","potentialAction":[{"@type":"ReadAction","target":["https:\/\/www.brueckezuisrael.org\/ethiopia\/ueber-uns\/entstehung\/"]}]},{"@type":"BreadcrumbList","@id":"https:\/\/www.brueckezuisrael.org\/ethiopia\/ueber-uns\/entstehung\/#breadcrumb","itemListElement":[{"@type":"ListItem","position":1,"name":"Home","item":"https:\/\/www.brueckezuisrael.org\/ethiopia\/"},{"@type":"ListItem","position":2,"name":"\u00dcber uns","item":"https:\/\/www.brueckezuisrael.org\/ethiopia\/ueber-uns\/"},{"@type":"ListItem","position":3,"name":"Entstehung"}]},{"@type":"WebSite","@id":"https:\/\/www.brueckezuisrael.org\/ethiopia\/#website","url":"https:\/\/www.brueckezuisrael.org\/ethiopia\/","name":"Br\u00fccke der Hoffnung","description":"Br\u00fccke zu Israel in \u00c4thiopien","publisher":{"@id":"https:\/\/www.brueckezuisrael.org\/ethiopia\/#organization"},"potentialAction":[{"@type":"SearchAction","target":{"@type":"EntryPoint","urlTemplate":"https:\/\/www.brueckezuisrael.org\/ethiopia\/?s={search_term_string}"},"query-input":{"@type":"PropertyValueSpecification","valueRequired":true,"valueName":"search_term_string"}}],"inLanguage":"de-CH"},{"@type":"Organization","@id":"https:\/\/www.brueckezuisrael.org\/ethiopia\/#organization","name":"Br\u00fccke der Hoffnung","url":"https:\/\/www.brueckezuisrael.org\/ethiopia\/","logo":{"@type":"ImageObject","inLanguage":"de-CH","@id":"https:\/\/www.brueckezuisrael.org\/ethiopia\/#\/schema\/logo\/image\/","url":"https:\/\/dev1.websketches.net\/ethiopia\/wp-content\/uploads\/sites\/5\/2023\/10\/BoH-favicon.png","contentUrl":"https:\/\/dev1.websketches.net\/ethiopia\/wp-content\/uploads\/sites\/5\/2023\/10\/BoH-favicon.png","width":640,"height":640,"caption":"Br\u00fccke der Hoffnung"},"image":{"@id":"https:\/\/www.brueckezuisrael.org\/ethiopia\/#\/schema\/logo\/image\/"}}]}},"_links":{"self":[{"href":"https:\/\/www.brueckezuisrael.org\/ethiopia\/wp-json\/wp\/v2\/pages\/118","targetHints":{"allow":["GET"]}}],"collection":[{"href":"https:\/\/www.brueckezuisrael.org\/ethiopia\/wp-json\/wp\/v2\/pages"}],"about":[{"href":"https:\/\/www.brueckezuisrael.org\/ethiopia\/wp-json\/wp\/v2\/types\/page"}],"author":[{"embeddable":true,"href":"https:\/\/www.brueckezuisrael.org\/ethiopia\/wp-json\/wp\/v2\/users\/1"}],"replies":[{"embeddable":true,"href":"https:\/\/www.brueckezuisrael.org\/ethiopia\/wp-json\/wp\/v2\/comments?post=118"}],"version-history":[{"count":10,"href":"https:\/\/www.brueckezuisrael.org\/ethiopia\/wp-json\/wp\/v2\/pages\/118\/revisions"}],"predecessor-version":[{"id":466,"href":"https:\/\/www.brueckezuisrael.org\/ethiopia\/wp-json\/wp\/v2\/pages\/118\/revisions\/466"}],"up":[{"embeddable":true,"href":"https:\/\/www.brueckezuisrael.org\/ethiopia\/wp-json\/wp\/v2\/pages\/115"}],"wp:attachment":[{"href":"https:\/\/www.brueckezuisrael.org\/ethiopia\/wp-json\/wp\/v2\/media?parent=118"}],"curies":[{"name":"wp","href":"https:\/\/api.w.org\/{rel}","templated":true}]}}