{"id":122,"date":"2023-10-09T23:40:47","date_gmt":"2023-10-09T21:40:47","guid":{"rendered":"https:\/\/dev1.websketches.net\/ethiopia\/?page_id=122"},"modified":"2023-10-10T13:28:12","modified_gmt":"2023-10-10T11:28:12","slug":"vision-und-ziele","status":"publish","type":"page","link":"https:\/\/www.brueckezuisrael.org\/ethiopia\/ueber-uns\/vision-und-ziele\/","title":{"rendered":"Vision und Ziele"},"content":{"rendered":"\t\t<div data-elementor-type=\"wp-page\" data-elementor-id=\"122\" class=\"elementor elementor-122\" data-elementor-post-type=\"page\">\n\t\t\t\t\t\t<section class=\"elementor-section elementor-top-section elementor-element elementor-element-d250481 elementor-section-boxed elementor-section-height-default elementor-section-height-default\" data-id=\"d250481\" data-element_type=\"section\" data-e-type=\"section\">\n\t\t\t\t\t\t<div class=\"elementor-container elementor-column-gap-default\">\n\t\t\t\t\t<div class=\"elementor-column elementor-col-100 elementor-top-column elementor-element elementor-element-d692ad5\" data-id=\"d692ad5\" data-element_type=\"column\" data-e-type=\"column\">\n\t\t\t<div class=\"elementor-widget-wrap elementor-element-populated\">\n\t\t\t\t\t\t<div class=\"elementor-element elementor-element-bed182d elementor-widget elementor-widget-heading\" data-id=\"bed182d\" data-element_type=\"widget\" data-e-type=\"widget\" data-widget_type=\"heading.default\">\n\t\t\t\t<div class=\"elementor-widget-container\">\n\t\t\t\t\t<h2 class=\"elementor-heading-title elementor-size-default\">Vision<\/h2>\t\t\t\t<\/div>\n\t\t\t\t<\/div>\n\t\t\t\t<div class=\"elementor-element elementor-element-88d737a elementor-widget elementor-widget-text-editor\" data-id=\"88d737a\" data-element_type=\"widget\" data-e-type=\"widget\" data-widget_type=\"text-editor.default\">\n\t\t\t\t<div class=\"elementor-widget-container\">\n\t\t\t\t\t\t\t\t\t<p>Wir m\u00f6chten unserer Verantwortung im Kampf gegen Armut, HIV\/AIDS und Analphabetismus nachkommen, mit dem besonderen Augenmerk auf Kindern, welche die verletzlichsten Mitglieder der Gesellschaft darstellen. Wir streben danach, sie als gesunde, verantwortliche und produktive B\u00fcrger zu erziehen.<\/p>\t\t\t\t\t\t\t\t<\/div>\n\t\t\t\t<\/div>\n\t\t\t\t<div class=\"elementor-element elementor-element-386936f elementor-widget elementor-widget-heading\" data-id=\"386936f\" data-element_type=\"widget\" data-e-type=\"widget\" data-widget_type=\"heading.default\">\n\t\t\t\t<div class=\"elementor-widget-container\">\n\t\t\t\t\t<h2 class=\"elementor-heading-title elementor-size-default\">Mission<\/h2>\t\t\t\t<\/div>\n\t\t\t\t<\/div>\n\t\t\t\t<div class=\"elementor-element elementor-element-e6d278b elementor-widget elementor-widget-text-editor\" data-id=\"e6d278b\" data-element_type=\"widget\" data-e-type=\"widget\" data-widget_type=\"text-editor.default\">\n\t\t\t\t<div class=\"elementor-widget-container\">\n\t\t\t\t\t\t\t\t\t<p>Unsere Mission ist es, nachhaltige und ganzheitliche Programme f\u00fcr Waisenkinder sowie zur Intervention gegen kritische gesellschaftliche Probleme, speziell HIV\/AIDS, zu entwickeln.<\/p>\t\t\t\t\t\t\t\t<\/div>\n\t\t\t\t<\/div>\n\t\t\t\t<div class=\"elementor-element elementor-element-ecfe71d elementor-widget elementor-widget-heading\" data-id=\"ecfe71d\" data-element_type=\"widget\" data-e-type=\"widget\" data-widget_type=\"heading.default\">\n\t\t\t\t<div class=\"elementor-widget-container\">\n\t\t\t\t\t<h2 class=\"elementor-heading-title elementor-size-default\">Werte<\/h2>\t\t\t\t<\/div>\n\t\t\t\t<\/div>\n\t\t\t\t<div class=\"elementor-element elementor-element-2e60e77 elementor-widget elementor-widget-text-editor\" data-id=\"2e60e77\" data-element_type=\"widget\" data-e-type=\"widget\" data-widget_type=\"text-editor.default\">\n\t\t\t\t<div class=\"elementor-widget-container\">\n\t\t\t\t\t\t\t\t\t<p>Unsere Grundwerte basieren auf einem christlichen Weltbild. Sie umfassen:<\/p><ul><li>Liebe und Achtung f\u00fcr alle Menschen, Dienst an den Armen, Bed\u00fcrftigen und sozial Benachteiligten.<\/li><li>Gleiche Behandlung aller Menschen ungeachtet ihrer Rasse, ihrer Religion, ihres Gesundheitszustandes, ihres Geschlechtes, ihres Alters oder ihrer politischen Einstellung. Das trifft auf alle unsere Aktivit\u00e4ten zu &#8211; sowohl in Bezug auf die Auswahlkriterien f\u00fcr Kinder als auch die Anstellung von Mitarbeitern.<\/li><li>Transparenz in allen Dimensionen unserer Arbeit.<\/li><li>St\u00e4rkung lokaler Gemeinden im Hinblick auf ihre Selbstverantwortung f\u00fcr ihre eigene Zukunft.<\/li><li>Vermittlung der grundlegenden Werte Ehrlichkeit, Aufrichtigkeit, Flei\u00df, Liebe und Achtung f\u00fcr jeden Menschen sowie Achtung gegen\u00fcber der Natur durch unser Vorbild.\u00a0<\/li><\/ul>\t\t\t\t\t\t\t\t<\/div>\n\t\t\t\t<\/div>\n\t\t\t\t<div class=\"elementor-element elementor-element-7fd48ab elementor-widget elementor-widget-heading\" data-id=\"7fd48ab\" data-element_type=\"widget\" data-e-type=\"widget\" data-widget_type=\"heading.default\">\n\t\t\t\t<div class=\"elementor-widget-container\">\n\t\t\t\t\t<h2 class=\"elementor-heading-title elementor-size-default\">Ziele<\/h2>\t\t\t\t<\/div>\n\t\t\t\t<\/div>\n\t\t\t\t<div class=\"elementor-element elementor-element-35987d7 elementor-widget elementor-widget-text-editor\" data-id=\"35987d7\" data-element_type=\"widget\" data-e-type=\"widget\" data-widget_type=\"text-editor.default\">\n\t\t\t\t<div class=\"elementor-widget-container\">\n\t\t\t\t\t\t\t\t\t<p>Unsere Ziele umfassen:<\/p><ul><li>Die 150 Waisenkindern in unserer momentanen Obhut mit angemessener F\u00fcrsorge und Liebe auf einer tragf\u00e4higen Grundlage zu versorgen.<\/li><li>Unsere medizinischen Dienste auszuweiten, so dass wir nicht nur unsere eigenen Kinder versorgen k\u00f6nnen, sondern dar\u00fcber hinaus auch die Bev\u00f6lkerung in der unmittelbaren Umgebung.<\/li><li>Unsere schulische Ausbildung und die Erziehung in allgemeinen Lebensfertigkeiten mehr Kindern zug\u00e4nglich zu machen.<\/li><li>Nachhaltigkeit und die wirtschaftliche Unabh\u00e4ngigkeit zu f\u00f6rdern.<\/li><li>Mitglieder der Gemeinde mit sauberem Wasser zu versorgen, welche vorher keinen Zugang hatten.<\/li><\/ul>\t\t\t\t\t\t\t\t<\/div>\n\t\t\t\t<\/div>\n\t\t\t\t\t<\/div>\n\t\t<\/div>\n\t\t\t\t\t<\/div>\n\t\t<\/section>\n\t\t\t\t<\/div>\n\t\t","protected":false},"excerpt":{"rendered":"<p>Vision Wir m\u00f6chten unserer Verantwortung im Kampf gegen Armut, HIV\/AIDS und Analphabetismus nachkommen, mit dem besonderen Augenmerk auf Kindern, welche die verletzlichsten Mitglieder der Gesellschaft darstellen. Wir streben danach, sie als gesunde, verantwortliche und produktive B\u00fcrger zu erziehen. Mission Unsere Mission ist es, nachhaltige und ganzheitliche Programme f\u00fcr Waisenkinder sowie zur Intervention gegen kritische gesellschaftliche [&hellip;]<\/p>\n","protected":false},"author":1,"featured_media":0,"parent":115,"menu_order":2,"comment_status":"closed","ping_status":"closed","template":"","meta":{"footnotes":""},"class_list":["post-122","page","type-page","status-publish","hentry"],"yoast_head":"<!-- This site is optimized with the Yoast SEO plugin v27.4 - https:\/\/yoast.com\/product\/yoast-seo-wordpress\/ -->\n<title>Vision und Ziele - Br\u00fccke der Hoffnung<\/title>\n<meta name=\"robots\" content=\"index, follow, max-snippet:-1, max-image-preview:large, max-video-preview:-1\" \/>\n<link rel=\"canonical\" href=\"https:\/\/www.brueckezuisrael.org\/ethiopia\/ueber-uns\/vision-und-ziele\/\" \/>\n<meta property=\"og:locale\" content=\"de_DE\" \/>\n<meta property=\"og:type\" content=\"article\" \/>\n<meta property=\"og:title\" content=\"Vision und Ziele - Br\u00fccke der Hoffnung\" \/>\n<meta property=\"og:description\" content=\"Vision Wir m\u00f6chten unserer Verantwortung im Kampf gegen Armut, HIV\/AIDS und Analphabetismus nachkommen, mit dem besonderen Augenmerk auf Kindern, welche die verletzlichsten Mitglieder der Gesellschaft darstellen. Wir streben danach, sie als gesunde, verantwortliche und produktive B\u00fcrger zu erziehen. Mission Unsere Mission ist es, nachhaltige und ganzheitliche Programme f\u00fcr Waisenkinder sowie zur Intervention gegen kritische gesellschaftliche [&hellip;]\" \/>\n<meta property=\"og:url\" content=\"https:\/\/www.brueckezuisrael.org\/ethiopia\/ueber-uns\/vision-und-ziele\/\" \/>\n<meta property=\"og:site_name\" content=\"Br\u00fccke der Hoffnung\" \/>\n<meta property=\"article:modified_time\" content=\"2023-10-10T11:28:12+00:00\" \/>\n<meta property=\"og:image\" content=\"https:\/\/www.brueckezuisrael.org\/ethiopia\/wp-content\/uploads\/sites\/5\/2023\/10\/BoH-favicon.png\" \/>\n\t<meta property=\"og:image:width\" content=\"640\" \/>\n\t<meta property=\"og:image:height\" content=\"640\" \/>\n\t<meta property=\"og:image:type\" content=\"image\/png\" \/>\n<meta name=\"twitter:card\" content=\"summary_large_image\" \/>\n<meta name=\"twitter:label1\" content=\"Gesch\u00e4tzte Lesezeit\" \/>\n\t<meta name=\"twitter:data1\" content=\"2\u00a0Minuten\" \/>\n<script type=\"application\/ld+json\" class=\"yoast-schema-graph\">{\"@context\":\"https:\\\/\\\/schema.org\",\"@graph\":[{\"@type\":\"WebPage\",\"@id\":\"https:\\\/\\\/www.brueckezuisrael.org\\\/ethiopia\\\/ueber-uns\\\/vision-und-ziele\\\/\",\"url\":\"https:\\\/\\\/www.brueckezuisrael.org\\\/ethiopia\\\/ueber-uns\\\/vision-und-ziele\\\/\",\"name\":\"Vision und Ziele - Br\u00fccke der Hoffnung\",\"isPartOf\":{\"@id\":\"https:\\\/\\\/www.brueckezuisrael.org\\\/ethiopia\\\/#website\"},\"datePublished\":\"2023-10-09T21:40:47+00:00\",\"dateModified\":\"2023-10-10T11:28:12+00:00\",\"breadcrumb\":{\"@id\":\"https:\\\/\\\/www.brueckezuisrael.org\\\/ethiopia\\\/ueber-uns\\\/vision-und-ziele\\\/#breadcrumb\"},\"inLanguage\":\"de-CH\",\"potentialAction\":[{\"@type\":\"ReadAction\",\"target\":[\"https:\\\/\\\/www.brueckezuisrael.org\\\/ethiopia\\\/ueber-uns\\\/vision-und-ziele\\\/\"]}]},{\"@type\":\"BreadcrumbList\",\"@id\":\"https:\\\/\\\/www.brueckezuisrael.org\\\/ethiopia\\\/ueber-uns\\\/vision-und-ziele\\\/#breadcrumb\",\"itemListElement\":[{\"@type\":\"ListItem\",\"position\":1,\"name\":\"Home\",\"item\":\"https:\\\/\\\/www.brueckezuisrael.org\\\/ethiopia\\\/\"},{\"@type\":\"ListItem\",\"position\":2,\"name\":\"\u00dcber uns\",\"item\":\"https:\\\/\\\/www.brueckezuisrael.org\\\/ethiopia\\\/ueber-uns\\\/\"},{\"@type\":\"ListItem\",\"position\":3,\"name\":\"Vision und Ziele\"}]},{\"@type\":\"WebSite\",\"@id\":\"https:\\\/\\\/www.brueckezuisrael.org\\\/ethiopia\\\/#website\",\"url\":\"https:\\\/\\\/www.brueckezuisrael.org\\\/ethiopia\\\/\",\"name\":\"Br\u00fccke der Hoffnung\",\"description\":\"Br\u00fccke zu Israel in \u00c4thiopien\",\"publisher\":{\"@id\":\"https:\\\/\\\/www.brueckezuisrael.org\\\/ethiopia\\\/#organization\"},\"potentialAction\":[{\"@type\":\"SearchAction\",\"target\":{\"@type\":\"EntryPoint\",\"urlTemplate\":\"https:\\\/\\\/www.brueckezuisrael.org\\\/ethiopia\\\/?s={search_term_string}\"},\"query-input\":{\"@type\":\"PropertyValueSpecification\",\"valueRequired\":true,\"valueName\":\"search_term_string\"}}],\"inLanguage\":\"de-CH\"},{\"@type\":\"Organization\",\"@id\":\"https:\\\/\\\/www.brueckezuisrael.org\\\/ethiopia\\\/#organization\",\"name\":\"Br\u00fccke der Hoffnung\",\"url\":\"https:\\\/\\\/www.brueckezuisrael.org\\\/ethiopia\\\/\",\"logo\":{\"@type\":\"ImageObject\",\"inLanguage\":\"de-CH\",\"@id\":\"https:\\\/\\\/www.brueckezuisrael.org\\\/ethiopia\\\/#\\\/schema\\\/logo\\\/image\\\/\",\"url\":\"https:\\\/\\\/dev1.websketches.net\\\/ethiopia\\\/wp-content\\\/uploads\\\/sites\\\/5\\\/2023\\\/10\\\/BoH-favicon.png\",\"contentUrl\":\"https:\\\/\\\/dev1.websketches.net\\\/ethiopia\\\/wp-content\\\/uploads\\\/sites\\\/5\\\/2023\\\/10\\\/BoH-favicon.png\",\"width\":640,\"height\":640,\"caption\":\"Br\u00fccke der Hoffnung\"},\"image\":{\"@id\":\"https:\\\/\\\/www.brueckezuisrael.org\\\/ethiopia\\\/#\\\/schema\\\/logo\\\/image\\\/\"}}]}<\/script>\n<!-- \/ Yoast SEO plugin. -->","yoast_head_json":{"title":"Vision und Ziele - Br\u00fccke der Hoffnung","robots":{"index":"index","follow":"follow","max-snippet":"max-snippet:-1","max-image-preview":"max-image-preview:large","max-video-preview":"max-video-preview:-1"},"canonical":"https:\/\/www.brueckezuisrael.org\/ethiopia\/ueber-uns\/vision-und-ziele\/","og_locale":"de_DE","og_type":"article","og_title":"Vision und Ziele - Br\u00fccke der Hoffnung","og_description":"Vision Wir m\u00f6chten unserer Verantwortung im Kampf gegen Armut, HIV\/AIDS und Analphabetismus nachkommen, mit dem besonderen Augenmerk auf Kindern, welche die verletzlichsten Mitglieder der Gesellschaft darstellen. Wir streben danach, sie als gesunde, verantwortliche und produktive B\u00fcrger zu erziehen. Mission Unsere Mission ist es, nachhaltige und ganzheitliche Programme f\u00fcr Waisenkinder sowie zur Intervention gegen kritische gesellschaftliche [&hellip;]","og_url":"https:\/\/www.brueckezuisrael.org\/ethiopia\/ueber-uns\/vision-und-ziele\/","og_site_name":"Br\u00fccke der Hoffnung","article_modified_time":"2023-10-10T11:28:12+00:00","og_image":[{"width":640,"height":640,"url":"https:\/\/www.brueckezuisrael.org\/ethiopia\/wp-content\/uploads\/sites\/5\/2023\/10\/BoH-favicon.png","type":"image\/png"}],"twitter_card":"summary_large_image","twitter_misc":{"Gesch\u00e4tzte Lesezeit":"2\u00a0Minuten"},"schema":{"@context":"https:\/\/schema.org","@graph":[{"@type":"WebPage","@id":"https:\/\/www.brueckezuisrael.org\/ethiopia\/ueber-uns\/vision-und-ziele\/","url":"https:\/\/www.brueckezuisrael.org\/ethiopia\/ueber-uns\/vision-und-ziele\/","name":"Vision und Ziele - Br\u00fccke der Hoffnung","isPartOf":{"@id":"https:\/\/www.brueckezuisrael.org\/ethiopia\/#website"},"datePublished":"2023-10-09T21:40:47+00:00","dateModified":"2023-10-10T11:28:12+00:00","breadcrumb":{"@id":"https:\/\/www.brueckezuisrael.org\/ethiopia\/ueber-uns\/vision-und-ziele\/#breadcrumb"},"inLanguage":"de-CH","potentialAction":[{"@type":"ReadAction","target":["https:\/\/www.brueckezuisrael.org\/ethiopia\/ueber-uns\/vision-und-ziele\/"]}]},{"@type":"BreadcrumbList","@id":"https:\/\/www.brueckezuisrael.org\/ethiopia\/ueber-uns\/vision-und-ziele\/#breadcrumb","itemListElement":[{"@type":"ListItem","position":1,"name":"Home","item":"https:\/\/www.brueckezuisrael.org\/ethiopia\/"},{"@type":"ListItem","position":2,"name":"\u00dcber uns","item":"https:\/\/www.brueckezuisrael.org\/ethiopia\/ueber-uns\/"},{"@type":"ListItem","position":3,"name":"Vision und Ziele"}]},{"@type":"WebSite","@id":"https:\/\/www.brueckezuisrael.org\/ethiopia\/#website","url":"https:\/\/www.brueckezuisrael.org\/ethiopia\/","name":"Br\u00fccke der Hoffnung","description":"Br\u00fccke zu Israel in \u00c4thiopien","publisher":{"@id":"https:\/\/www.brueckezuisrael.org\/ethiopia\/#organization"},"potentialAction":[{"@type":"SearchAction","target":{"@type":"EntryPoint","urlTemplate":"https:\/\/www.brueckezuisrael.org\/ethiopia\/?s={search_term_string}"},"query-input":{"@type":"PropertyValueSpecification","valueRequired":true,"valueName":"search_term_string"}}],"inLanguage":"de-CH"},{"@type":"Organization","@id":"https:\/\/www.brueckezuisrael.org\/ethiopia\/#organization","name":"Br\u00fccke der Hoffnung","url":"https:\/\/www.brueckezuisrael.org\/ethiopia\/","logo":{"@type":"ImageObject","inLanguage":"de-CH","@id":"https:\/\/www.brueckezuisrael.org\/ethiopia\/#\/schema\/logo\/image\/","url":"https:\/\/dev1.websketches.net\/ethiopia\/wp-content\/uploads\/sites\/5\/2023\/10\/BoH-favicon.png","contentUrl":"https:\/\/dev1.websketches.net\/ethiopia\/wp-content\/uploads\/sites\/5\/2023\/10\/BoH-favicon.png","width":640,"height":640,"caption":"Br\u00fccke der Hoffnung"},"image":{"@id":"https:\/\/www.brueckezuisrael.org\/ethiopia\/#\/schema\/logo\/image\/"}}]}},"_links":{"self":[{"href":"https:\/\/www.brueckezuisrael.org\/ethiopia\/wp-json\/wp\/v2\/pages\/122","targetHints":{"allow":["GET"]}}],"collection":[{"href":"https:\/\/www.brueckezuisrael.org\/ethiopia\/wp-json\/wp\/v2\/pages"}],"about":[{"href":"https:\/\/www.brueckezuisrael.org\/ethiopia\/wp-json\/wp\/v2\/types\/page"}],"author":[{"embeddable":true,"href":"https:\/\/www.brueckezuisrael.org\/ethiopia\/wp-json\/wp\/v2\/users\/1"}],"replies":[{"embeddable":true,"href":"https:\/\/www.brueckezuisrael.org\/ethiopia\/wp-json\/wp\/v2\/comments?post=122"}],"version-history":[{"count":13,"href":"https:\/\/www.brueckezuisrael.org\/ethiopia\/wp-json\/wp\/v2\/pages\/122\/revisions"}],"predecessor-version":[{"id":483,"href":"https:\/\/www.brueckezuisrael.org\/ethiopia\/wp-json\/wp\/v2\/pages\/122\/revisions\/483"}],"up":[{"embeddable":true,"href":"https:\/\/www.brueckezuisrael.org\/ethiopia\/wp-json\/wp\/v2\/pages\/115"}],"wp:attachment":[{"href":"https:\/\/www.brueckezuisrael.org\/ethiopia\/wp-json\/wp\/v2\/media?parent=122"}],"curies":[{"name":"wp","href":"https:\/\/api.w.org\/{rel}","templated":true}]}}