{"id":167,"date":"2023-10-09T23:59:42","date_gmt":"2023-10-09T21:59:42","guid":{"rendered":"https:\/\/dev1.websketches.net\/ethiopia\/?page_id=167"},"modified":"2025-03-27T08:03:39","modified_gmt":"2025-03-27T07:03:39","slug":"geld-spenden","status":"publish","type":"page","link":"https:\/\/www.brueckezuisrael.org\/ethiopia\/kontakt\/spenden\/geld-spenden\/","title":{"rendered":"Geld spenden"},"content":{"rendered":"\t\t<div data-elementor-type=\"wp-page\" data-elementor-id=\"167\" class=\"elementor elementor-167\" data-elementor-post-type=\"page\">\n\t\t\t\t\t\t<section class=\"elementor-section elementor-top-section elementor-element elementor-element-2a0a5bc elementor-section-boxed elementor-section-height-default elementor-section-height-default\" data-id=\"2a0a5bc\" data-element_type=\"section\" data-e-type=\"section\">\n\t\t\t\t\t\t<div class=\"elementor-container elementor-column-gap-default\">\n\t\t\t\t\t<div class=\"elementor-column elementor-col-100 elementor-top-column elementor-element elementor-element-a3bb6c4\" data-id=\"a3bb6c4\" data-element_type=\"column\" data-e-type=\"column\">\n\t\t\t<div class=\"elementor-widget-wrap elementor-element-populated\">\n\t\t\t\t\t\t<div class=\"elementor-element elementor-element-ecf65a6 elementor-widget elementor-widget-text-editor\" data-id=\"ecf65a6\" data-element_type=\"widget\" data-e-type=\"widget\" data-widget_type=\"text-editor.default\">\n\t\t\t\t<div class=\"elementor-widget-container\">\n\t\t\t\t\t\t\t\t\t<p>Wenn Sie Br\u00fccke der Hoffnung finanziell unterst\u00fctzen m\u00f6chten, k\u00f6nnen Sie auf folgendes Konto spenden:<\/p>\t\t\t\t\t\t\t\t<\/div>\n\t\t\t\t<\/div>\n\t\t\t\t<div class=\"elementor-element elementor-element-4dcbfb2 elementor-widget elementor-widget-text-editor\" data-id=\"4dcbfb2\" data-element_type=\"widget\" data-e-type=\"widget\" data-widget_type=\"text-editor.default\">\n\t\t\t\t<div class=\"elementor-widget-container\">\n\t\t\t\t\t\t\t\t\t<p><strong>Spendenkonto f\u00fcr die Schweiz:<\/strong><\/p>\n<p><strong>Br\u00fccke zu Israel<\/strong><br>Hilfe f\u00fcr \u00c4thiopien<br>8406 Winterthur<\/p>\n<p>Postfinance, 90-730332-8<br>IBAN: CH59 0900 0000 9073 0332 8<br>BIC: POFICHBEXXX<br>(Schweizer Franken)<\/p>\n<p><strong>Verwendungszweck:<\/strong> \u00c4thiopien<\/p>\t\t\t\t\t\t\t\t<\/div>\n\t\t\t\t<\/div>\n\t\t\t\t<div class=\"elementor-element elementor-element-85618fd elementor-widget elementor-widget-text-editor\" data-id=\"85618fd\" data-element_type=\"widget\" data-e-type=\"widget\" data-widget_type=\"text-editor.default\">\n\t\t\t\t<div class=\"elementor-widget-container\">\n\t\t\t\t\t\t\t\t\t<p>Von Sachspenden bitten wir aufgrund der hohen Versandkosten nach \u00c4thiopien abzusehen. <br \/>Sie k\u00f6nnen gern eine zweckgebundene Spende t\u00e4tigen und wir erwerben dann die Gegenst\u00e4nde vor Ort.<\/p><p><strong>Vielen Dank f\u00fcr Ihre Unterst\u00fctzung!<\/strong><\/p>\t\t\t\t\t\t\t\t<\/div>\n\t\t\t\t<\/div>\n\t\t\t\t\t<\/div>\n\t\t<\/div>\n\t\t\t\t\t<\/div>\n\t\t<\/section>\n\t\t\t\t<\/div>\n\t\t","protected":false},"excerpt":{"rendered":"<p>Wenn Sie Br\u00fccke der Hoffnung finanziell unterst\u00fctzen m\u00f6chten, k\u00f6nnen Sie auf folgendes Konto spenden: Spendenkonto f\u00fcr die Schweiz: Br\u00fccke zu IsraelHilfe f\u00fcr \u00c4thiopien8406 Winterthur Postfinance, 90-730332-8IBAN: CH59 0900 0000 9073 0332 8BIC: POFICHBEXXX(Schweizer Franken) Verwendungszweck: \u00c4thiopien Von Sachspenden bitten wir aufgrund der hohen Versandkosten nach \u00c4thiopien abzusehen. Sie k\u00f6nnen gern eine zweckgebundene Spende t\u00e4tigen und [&hellip;]<\/p>\n","protected":false},"author":1,"featured_media":0,"parent":128,"menu_order":0,"comment_status":"closed","ping_status":"closed","template":"","meta":{"footnotes":""},"class_list":["post-167","page","type-page","status-publish","hentry"],"yoast_head":"<!-- This site is optimized with the Yoast SEO plugin v27.6 - https:\/\/yoast.com\/product\/yoast-seo-wordpress\/ -->\n<title>Geld spenden - Br\u00fccke der Hoffnung<\/title>\n<meta name=\"robots\" content=\"index, follow, max-snippet:-1, max-image-preview:large, max-video-preview:-1\" \/>\n<link rel=\"canonical\" href=\"https:\/\/www.brueckezuisrael.org\/ethiopia\/kontakt\/spenden\/geld-spenden\/\" \/>\n<meta property=\"og:locale\" content=\"de_DE\" \/>\n<meta property=\"og:type\" content=\"article\" \/>\n<meta property=\"og:title\" content=\"Geld spenden - Br\u00fccke der Hoffnung\" \/>\n<meta property=\"og:description\" content=\"Wenn Sie Br\u00fccke der Hoffnung finanziell unterst\u00fctzen m\u00f6chten, k\u00f6nnen Sie auf folgendes Konto spenden: Spendenkonto f\u00fcr die Schweiz: Br\u00fccke zu IsraelHilfe f\u00fcr \u00c4thiopien8406 Winterthur Postfinance, 90-730332-8IBAN: CH59 0900 0000 9073 0332 8BIC: POFICHBEXXX(Schweizer Franken) Verwendungszweck: \u00c4thiopien Von Sachspenden bitten wir aufgrund der hohen Versandkosten nach \u00c4thiopien abzusehen. Sie k\u00f6nnen gern eine zweckgebundene Spende t\u00e4tigen und [&hellip;]\" \/>\n<meta property=\"og:url\" content=\"https:\/\/www.brueckezuisrael.org\/ethiopia\/kontakt\/spenden\/geld-spenden\/\" \/>\n<meta property=\"og:site_name\" content=\"Br\u00fccke der Hoffnung\" \/>\n<meta property=\"article:modified_time\" content=\"2025-03-27T07:03:39+00:00\" \/>\n<meta property=\"og:image\" content=\"https:\/\/www.brueckezuisrael.org\/ethiopia\/wp-content\/uploads\/sites\/5\/2023\/10\/BoH-favicon.png\" \/>\n\t<meta property=\"og:image:width\" content=\"640\" \/>\n\t<meta property=\"og:image:height\" content=\"640\" \/>\n\t<meta property=\"og:image:type\" content=\"image\/png\" \/>\n<meta name=\"twitter:card\" content=\"summary_large_image\" \/>\n<meta name=\"twitter:label1\" content=\"Gesch\u00e4tzte Lesezeit\" \/>\n\t<meta name=\"twitter:data1\" content=\"1\u00a0Minute\" \/>\n<script type=\"application\/ld+json\" class=\"yoast-schema-graph\">{\"@context\":\"https:\\\/\\\/schema.org\",\"@graph\":[{\"@type\":\"WebPage\",\"@id\":\"https:\\\/\\\/www.brueckezuisrael.org\\\/ethiopia\\\/kontakt\\\/spenden\\\/geld-spenden\\\/\",\"url\":\"https:\\\/\\\/www.brueckezuisrael.org\\\/ethiopia\\\/kontakt\\\/spenden\\\/geld-spenden\\\/\",\"name\":\"Geld spenden - Br\u00fccke der Hoffnung\",\"isPartOf\":{\"@id\":\"https:\\\/\\\/www.brueckezuisrael.org\\\/ethiopia\\\/#website\"},\"datePublished\":\"2023-10-09T21:59:42+00:00\",\"dateModified\":\"2025-03-27T07:03:39+00:00\",\"breadcrumb\":{\"@id\":\"https:\\\/\\\/www.brueckezuisrael.org\\\/ethiopia\\\/kontakt\\\/spenden\\\/geld-spenden\\\/#breadcrumb\"},\"inLanguage\":\"de-CH\",\"potentialAction\":[{\"@type\":\"ReadAction\",\"target\":[\"https:\\\/\\\/www.brueckezuisrael.org\\\/ethiopia\\\/kontakt\\\/spenden\\\/geld-spenden\\\/\"]}]},{\"@type\":\"BreadcrumbList\",\"@id\":\"https:\\\/\\\/www.brueckezuisrael.org\\\/ethiopia\\\/kontakt\\\/spenden\\\/geld-spenden\\\/#breadcrumb\",\"itemListElement\":[{\"@type\":\"ListItem\",\"position\":1,\"name\":\"Home\",\"item\":\"https:\\\/\\\/www.brueckezuisrael.org\\\/ethiopia\\\/\"},{\"@type\":\"ListItem\",\"position\":2,\"name\":\"Kontakt\",\"item\":\"https:\\\/\\\/www.brueckezuisrael.org\\\/ethiopia\\\/kontakt\\\/\"},{\"@type\":\"ListItem\",\"position\":3,\"name\":\"Spenden\",\"item\":\"https:\\\/\\\/www.brueckezuisrael.org\\\/ethiopia\\\/kontakt\\\/spenden\\\/\"},{\"@type\":\"ListItem\",\"position\":4,\"name\":\"Geld spenden\"}]},{\"@type\":\"WebSite\",\"@id\":\"https:\\\/\\\/www.brueckezuisrael.org\\\/ethiopia\\\/#website\",\"url\":\"https:\\\/\\\/www.brueckezuisrael.org\\\/ethiopia\\\/\",\"name\":\"Br\u00fccke der Hoffnung\",\"description\":\"Br\u00fccke zu Israel in \u00c4thiopien\",\"publisher\":{\"@id\":\"https:\\\/\\\/www.brueckezuisrael.org\\\/ethiopia\\\/#organization\"},\"potentialAction\":[{\"@type\":\"SearchAction\",\"target\":{\"@type\":\"EntryPoint\",\"urlTemplate\":\"https:\\\/\\\/www.brueckezuisrael.org\\\/ethiopia\\\/?s={search_term_string}\"},\"query-input\":{\"@type\":\"PropertyValueSpecification\",\"valueRequired\":true,\"valueName\":\"search_term_string\"}}],\"inLanguage\":\"de-CH\"},{\"@type\":\"Organization\",\"@id\":\"https:\\\/\\\/www.brueckezuisrael.org\\\/ethiopia\\\/#organization\",\"name\":\"Br\u00fccke der Hoffnung\",\"url\":\"https:\\\/\\\/www.brueckezuisrael.org\\\/ethiopia\\\/\",\"logo\":{\"@type\":\"ImageObject\",\"inLanguage\":\"de-CH\",\"@id\":\"https:\\\/\\\/www.brueckezuisrael.org\\\/ethiopia\\\/#\\\/schema\\\/logo\\\/image\\\/\",\"url\":\"https:\\\/\\\/dev1.websketches.net\\\/ethiopia\\\/wp-content\\\/uploads\\\/sites\\\/5\\\/2023\\\/10\\\/BoH-favicon.png\",\"contentUrl\":\"https:\\\/\\\/dev1.websketches.net\\\/ethiopia\\\/wp-content\\\/uploads\\\/sites\\\/5\\\/2023\\\/10\\\/BoH-favicon.png\",\"width\":640,\"height\":640,\"caption\":\"Br\u00fccke der Hoffnung\"},\"image\":{\"@id\":\"https:\\\/\\\/www.brueckezuisrael.org\\\/ethiopia\\\/#\\\/schema\\\/logo\\\/image\\\/\"}}]}<\/script>\n<!-- \/ Yoast SEO plugin. -->","yoast_head_json":{"title":"Geld spenden - Br\u00fccke der Hoffnung","robots":{"index":"index","follow":"follow","max-snippet":"max-snippet:-1","max-image-preview":"max-image-preview:large","max-video-preview":"max-video-preview:-1"},"canonical":"https:\/\/www.brueckezuisrael.org\/ethiopia\/kontakt\/spenden\/geld-spenden\/","og_locale":"de_DE","og_type":"article","og_title":"Geld spenden - Br\u00fccke der Hoffnung","og_description":"Wenn Sie Br\u00fccke der Hoffnung finanziell unterst\u00fctzen m\u00f6chten, k\u00f6nnen Sie auf folgendes Konto spenden: Spendenkonto f\u00fcr die Schweiz: Br\u00fccke zu IsraelHilfe f\u00fcr \u00c4thiopien8406 Winterthur Postfinance, 90-730332-8IBAN: CH59 0900 0000 9073 0332 8BIC: POFICHBEXXX(Schweizer Franken) Verwendungszweck: \u00c4thiopien Von Sachspenden bitten wir aufgrund der hohen Versandkosten nach \u00c4thiopien abzusehen. Sie k\u00f6nnen gern eine zweckgebundene Spende t\u00e4tigen und [&hellip;]","og_url":"https:\/\/www.brueckezuisrael.org\/ethiopia\/kontakt\/spenden\/geld-spenden\/","og_site_name":"Br\u00fccke der Hoffnung","article_modified_time":"2025-03-27T07:03:39+00:00","og_image":[{"width":640,"height":640,"url":"https:\/\/www.brueckezuisrael.org\/ethiopia\/wp-content\/uploads\/sites\/5\/2023\/10\/BoH-favicon.png","type":"image\/png"}],"twitter_card":"summary_large_image","twitter_misc":{"Gesch\u00e4tzte Lesezeit":"1\u00a0Minute"},"schema":{"@context":"https:\/\/schema.org","@graph":[{"@type":"WebPage","@id":"https:\/\/www.brueckezuisrael.org\/ethiopia\/kontakt\/spenden\/geld-spenden\/","url":"https:\/\/www.brueckezuisrael.org\/ethiopia\/kontakt\/spenden\/geld-spenden\/","name":"Geld spenden - Br\u00fccke der Hoffnung","isPartOf":{"@id":"https:\/\/www.brueckezuisrael.org\/ethiopia\/#website"},"datePublished":"2023-10-09T21:59:42+00:00","dateModified":"2025-03-27T07:03:39+00:00","breadcrumb":{"@id":"https:\/\/www.brueckezuisrael.org\/ethiopia\/kontakt\/spenden\/geld-spenden\/#breadcrumb"},"inLanguage":"de-CH","potentialAction":[{"@type":"ReadAction","target":["https:\/\/www.brueckezuisrael.org\/ethiopia\/kontakt\/spenden\/geld-spenden\/"]}]},{"@type":"BreadcrumbList","@id":"https:\/\/www.brueckezuisrael.org\/ethiopia\/kontakt\/spenden\/geld-spenden\/#breadcrumb","itemListElement":[{"@type":"ListItem","position":1,"name":"Home","item":"https:\/\/www.brueckezuisrael.org\/ethiopia\/"},{"@type":"ListItem","position":2,"name":"Kontakt","item":"https:\/\/www.brueckezuisrael.org\/ethiopia\/kontakt\/"},{"@type":"ListItem","position":3,"name":"Spenden","item":"https:\/\/www.brueckezuisrael.org\/ethiopia\/kontakt\/spenden\/"},{"@type":"ListItem","position":4,"name":"Geld spenden"}]},{"@type":"WebSite","@id":"https:\/\/www.brueckezuisrael.org\/ethiopia\/#website","url":"https:\/\/www.brueckezuisrael.org\/ethiopia\/","name":"Br\u00fccke der Hoffnung","description":"Br\u00fccke zu Israel in \u00c4thiopien","publisher":{"@id":"https:\/\/www.brueckezuisrael.org\/ethiopia\/#organization"},"potentialAction":[{"@type":"SearchAction","target":{"@type":"EntryPoint","urlTemplate":"https:\/\/www.brueckezuisrael.org\/ethiopia\/?s={search_term_string}"},"query-input":{"@type":"PropertyValueSpecification","valueRequired":true,"valueName":"search_term_string"}}],"inLanguage":"de-CH"},{"@type":"Organization","@id":"https:\/\/www.brueckezuisrael.org\/ethiopia\/#organization","name":"Br\u00fccke der Hoffnung","url":"https:\/\/www.brueckezuisrael.org\/ethiopia\/","logo":{"@type":"ImageObject","inLanguage":"de-CH","@id":"https:\/\/www.brueckezuisrael.org\/ethiopia\/#\/schema\/logo\/image\/","url":"https:\/\/dev1.websketches.net\/ethiopia\/wp-content\/uploads\/sites\/5\/2023\/10\/BoH-favicon.png","contentUrl":"https:\/\/dev1.websketches.net\/ethiopia\/wp-content\/uploads\/sites\/5\/2023\/10\/BoH-favicon.png","width":640,"height":640,"caption":"Br\u00fccke der Hoffnung"},"image":{"@id":"https:\/\/www.brueckezuisrael.org\/ethiopia\/#\/schema\/logo\/image\/"}}]}},"_links":{"self":[{"href":"https:\/\/www.brueckezuisrael.org\/ethiopia\/wp-json\/wp\/v2\/pages\/167","targetHints":{"allow":["GET"]}}],"collection":[{"href":"https:\/\/www.brueckezuisrael.org\/ethiopia\/wp-json\/wp\/v2\/pages"}],"about":[{"href":"https:\/\/www.brueckezuisrael.org\/ethiopia\/wp-json\/wp\/v2\/types\/page"}],"author":[{"embeddable":true,"href":"https:\/\/www.brueckezuisrael.org\/ethiopia\/wp-json\/wp\/v2\/users\/1"}],"replies":[{"embeddable":true,"href":"https:\/\/www.brueckezuisrael.org\/ethiopia\/wp-json\/wp\/v2\/comments?post=167"}],"version-history":[{"count":16,"href":"https:\/\/www.brueckezuisrael.org\/ethiopia\/wp-json\/wp\/v2\/pages\/167\/revisions"}],"predecessor-version":[{"id":781,"href":"https:\/\/www.brueckezuisrael.org\/ethiopia\/wp-json\/wp\/v2\/pages\/167\/revisions\/781"}],"up":[{"embeddable":true,"href":"https:\/\/www.brueckezuisrael.org\/ethiopia\/wp-json\/wp\/v2\/pages\/128"}],"wp:attachment":[{"href":"https:\/\/www.brueckezuisrael.org\/ethiopia\/wp-json\/wp\/v2\/media?parent=167"}],"curies":[{"name":"wp","href":"https:\/\/api.w.org\/{rel}","templated":true}]}}