{"id":2,"date":"2023-02-26T14:57:20","date_gmt":"2023-02-26T13:57:20","guid":{"rendered":"https:\/\/dev1.websketches.net\/israel\/?page_id=2"},"modified":"2024-08-17T14:02:13","modified_gmt":"2024-08-17T12:02:13","slug":"beispiel-seite","status":"publish","type":"page","link":"https:\/\/www.brueckezuisrael.org\/israel\/","title":{"rendered":"Shalom und herzlich Willkommen"},"content":{"rendered":"\t\t<div data-elementor-type=\"wp-page\" data-elementor-id=\"2\" class=\"elementor elementor-2\" data-elementor-post-type=\"page\">\n\t\t\t\t\t\t<section class=\"elementor-section elementor-top-section elementor-element elementor-element-9a58bd7 elementor-section-boxed elementor-section-height-default elementor-section-height-default\" data-id=\"9a58bd7\" data-element_type=\"section\" data-e-type=\"section\">\n\t\t\t\t\t\t<div class=\"elementor-container elementor-column-gap-default\">\n\t\t\t\t\t<div class=\"elementor-column elementor-col-100 elementor-top-column elementor-element elementor-element-9f0158c\" data-id=\"9f0158c\" data-element_type=\"column\" data-e-type=\"column\">\n\t\t\t<div class=\"elementor-widget-wrap elementor-element-populated\">\n\t\t\t\t\t\t<div class=\"elementor-element elementor-element-204e909 elementor-widget elementor-widget-text-editor\" data-id=\"204e909\" data-element_type=\"widget\" data-e-type=\"widget\" data-widget_type=\"text-editor.default\">\n\t\t\t\t<div class=\"elementor-widget-container\">\n\t\t\t\t\t\t\t\t\t<p>&#8230; auf den Webseiten der &#8222;Br\u00fccke zu Israel&#8220; !<\/p>\t\t\t\t\t\t\t\t<\/div>\n\t\t\t\t<\/div>\n\t\t\t\t\t<\/div>\n\t\t<\/div>\n\t\t\t\t\t<\/div>\n\t\t<\/section>\n\t\t\t\t<section class=\"elementor-section elementor-top-section elementor-element elementor-element-3b5c9800 elementor-section-boxed elementor-section-height-default elementor-section-height-default\" data-id=\"3b5c9800\" data-element_type=\"section\" data-e-type=\"section\">\n\t\t\t\t\t\t<div class=\"elementor-container elementor-column-gap-extended\">\n\t\t\t\t\t<div class=\"elementor-column elementor-col-50 elementor-top-column elementor-element elementor-element-603ca4e elementor-hidden-tablet elementor-hidden-mobile\" data-id=\"603ca4e\" data-element_type=\"column\" data-e-type=\"column\">\n\t\t\t<div class=\"elementor-widget-wrap elementor-element-populated\">\n\t\t\t\t\t\t<div class=\"elementor-element elementor-element-99d272a elementor-widget elementor-widget-image\" data-id=\"99d272a\" data-element_type=\"widget\" data-e-type=\"widget\" data-widget_type=\"image.default\">\n\t\t\t\t<div class=\"elementor-widget-container\">\n\t\t\t\t\t\t\t\t\t\t\t\t<figure class=\"wp-caption\">\n\t\t\t\t\t\t\t\t\t\t<img fetchpriority=\"high\" decoding=\"async\" width=\"220\" height=\"349\" src=\"https:\/\/www.brueckezuisrael.org\/israel\/wp-content\/uploads\/sites\/4\/2023\/02\/EhepaarAugstburger-e1677436183774.jpg\" class=\"attachment-full size-full wp-image-134\" alt=\"\" srcset=\"https:\/\/www.brueckezuisrael.org\/israel\/wp-content\/uploads\/sites\/4\/2023\/02\/EhepaarAugstburger-e1677436183774.jpg 220w, https:\/\/www.brueckezuisrael.org\/israel\/wp-content\/uploads\/sites\/4\/2023\/02\/EhepaarAugstburger-e1677436183774-189x300.jpg 189w, https:\/\/www.brueckezuisrael.org\/israel\/wp-content\/uploads\/sites\/4\/2023\/02\/elementor\/thumbs\/EhepaarAugstburger-e1677436183774-q2qov84l76909a16jhk7mkmnht5a4pr45jyycjilzw.jpg 195w\" sizes=\"(max-width: 220px) 100vw, 220px\" \/>\t\t\t\t\t\t\t\t\t\t\t<figcaption class=\"widget-image-caption wp-caption-text\">Magdalena (\u2020) und Timotheus (\u2020) Augstburger, <br>\nGr\u00fcnder der Br\u00fccke zu Israel<\/figcaption>\n\t\t\t\t\t\t\t\t\t\t<\/figure>\n\t\t\t\t\t\t\t\t\t<\/div>\n\t\t\t\t<\/div>\n\t\t\t\t\t<\/div>\n\t\t<\/div>\n\t\t\t\t<div class=\"elementor-column elementor-col-50 elementor-top-column elementor-element elementor-element-6978b858\" data-id=\"6978b858\" data-element_type=\"column\" data-e-type=\"column\">\n\t\t\t<div class=\"elementor-widget-wrap elementor-element-populated\">\n\t\t\t\t\t\t<div class=\"elementor-element elementor-element-7a378799 elementor-widget elementor-widget-text-editor\" data-id=\"7a378799\" data-element_type=\"widget\" data-e-type=\"widget\" data-widget_type=\"text-editor.default\">\n\t\t\t\t<div class=\"elementor-widget-container\">\n\t\t\t\t\t\t\t\t\t<p><span style=\"color: var( --e-global-color-text ); font-family: var( --e-global-typography-text-font-family ), Sans-serif; font-size: var( --e-global-typography-text-font-size ); font-weight: var( --e-global-typography-text-font-weight );\">Das Hilfswerk &#8222;Br\u00fccke zu Israel&#8220; unterst\u00fctzt hilfsbed\u00fcrftige Menschen in Israel sowie soziale Projekte und Organisationen in Israel, welche sich um Arme und Bed\u00fcrftige k\u00fcmmern und Aufbauhilfe leisten. Uns ist es ein Anliegen, zum Aufbau des Landes beizutragen und Menschen zu einer Israel-freundlichen Gesinnung zu motivieren!<\/span><\/p><p>Hier finden Sie <a href=\"\/projekte\/\">Informationen \u00fcber alle Projekte<\/a>, die wir regelm\u00e4\u00dfig unterst\u00fctzen und hier k\u00f6nnen Sie unsere <a href=\"\/broschuere\/\">aktuelle Brosch\u00fcre<\/a> lesen.<\/p><p>M\u00f6chten Sie mehr \u00fcber unsere Non-Profit-Organisation erfahren, k\u00f6nnen Sie das hier tun, und wenn Sie Fragen haben gerne auch mit uns in Kontakt treten!<\/p><p>M\u00f6chten Sie unsere Arbeit finanziell unterst\u00fctzen, finden Sie hier dazu n\u00e4here Informationen &#8211; wir werden jede Spende nach bestem Wissen und Gewissen verwenden.<\/p><p>Herzlichen Dank!\u00a0<\/p>\t\t\t\t\t\t\t\t<\/div>\n\t\t\t\t<\/div>\n\t\t\t\t<div class=\"elementor-element elementor-element-b000896 elementor-widget elementor-widget-text-editor\" data-id=\"b000896\" data-element_type=\"widget\" data-e-type=\"widget\" data-widget_type=\"text-editor.default\">\n\t\t\t\t<div class=\"elementor-widget-container\">\n\t\t\t\t\t\t\t\t\t<p>Ihre Mitarbeiter der Br\u00fccke zu Israel<\/p>\t\t\t\t\t\t\t\t<\/div>\n\t\t\t\t<\/div>\n\t\t\t\t\t<\/div>\n\t\t<\/div>\n\t\t\t\t\t<\/div>\n\t\t<\/section>\n\t\t\t\t<section class=\"elementor-section elementor-top-section elementor-element elementor-element-349a104 elementor-hidden-desktop elementor-section-boxed elementor-section-height-default elementor-section-height-default\" data-id=\"349a104\" data-element_type=\"section\" data-e-type=\"section\">\n\t\t\t\t\t\t<div class=\"elementor-container elementor-column-gap-default\">\n\t\t\t\t\t<div class=\"elementor-column elementor-col-100 elementor-top-column elementor-element elementor-element-71ea6c7\" data-id=\"71ea6c7\" data-element_type=\"column\" data-e-type=\"column\">\n\t\t\t<div class=\"elementor-widget-wrap elementor-element-populated\">\n\t\t\t\t\t\t<div class=\"elementor-element elementor-element-7c67be3 elementor-widget elementor-widget-image\" data-id=\"7c67be3\" data-element_type=\"widget\" data-e-type=\"widget\" data-widget_type=\"image.default\">\n\t\t\t\t<div class=\"elementor-widget-container\">\n\t\t\t\t\t\t\t\t\t\t\t\t<figure class=\"wp-caption\">\n\t\t\t\t\t\t\t\t\t\t<img decoding=\"async\" src=\"https:\/\/www.brueckezuisrael.org\/israel\/wp-content\/uploads\/sites\/4\/elementor\/thumbs\/EhepaarAugstburger-e1677436183774-q2qov84itnn2iixrdyaq52rd7zwsq9u9quqnb2t5og.jpg\" title=\"Ehepaar Augstburger\" alt=\"Magdalena (\u2020) und Timotheus (\u2020) Augstburger, \nGr\u00fcnder der Br\u00fccke zu Israel\" loading=\"lazy\" \/>\t\t\t\t\t\t\t\t\t\t\t<figcaption class=\"widget-image-caption wp-caption-text\">Magdalena (\u2020) und Timotheus (\u2020) Augstburger, <br>\nGr\u00fcnder der Br\u00fccke zu Israel<\/figcaption>\n\t\t\t\t\t\t\t\t\t\t<\/figure>\n\t\t\t\t\t\t\t\t\t<\/div>\n\t\t\t\t<\/div>\n\t\t\t\t\t<\/div>\n\t\t<\/div>\n\t\t\t\t\t<\/div>\n\t\t<\/section>\n\t\t\t\t<section class=\"elementor-section elementor-top-section elementor-element elementor-element-e4510cb elementor-section-boxed elementor-section-height-default elementor-section-height-default\" data-id=\"e4510cb\" data-element_type=\"section\" data-e-type=\"section\">\n\t\t\t\t\t\t<div class=\"elementor-container elementor-column-gap-default\">\n\t\t\t\t\t<div class=\"elementor-column elementor-col-100 elementor-top-column elementor-element elementor-element-03231cb\" data-id=\"03231cb\" data-element_type=\"column\" data-e-type=\"column\">\n\t\t\t<div class=\"elementor-widget-wrap elementor-element-populated\">\n\t\t\t\t\t\t<div class=\"elementor-element elementor-element-5c0b4a7 elementor-headline--style-rotate elementor-widget elementor-widget-animated-headline\" data-id=\"5c0b4a7\" data-element_type=\"widget\" data-e-type=\"widget\" data-settings=\"{&quot;headline_style&quot;:&quot;rotate&quot;,&quot;rotating_text&quot;:&quot;\\&quot;Ich will segnen, die dich segnen.\\&quot;&quot;,&quot;animation_type&quot;:&quot;drop-in&quot;,&quot;rotate_iteration_delay&quot;:3000,&quot;loop&quot;:&quot;yes&quot;}\" data-widget_type=\"animated-headline.default\">\n\t\t\t\t<div class=\"elementor-widget-container\">\n\t\t\t\t\t\t\t<p class=\"elementor-headline elementor-headline-animation-type-drop-in\">\n\t\t\t\t<span class=\"elementor-headline-dynamic-wrapper elementor-headline-text-wrapper\">\n\t\t\t\t\t<span class=\"elementor-headline-dynamic-text elementor-headline-text-active\">\n\t\t\t\t\"Ich&nbsp;will&nbsp;segnen,&nbsp;die&nbsp;dich&nbsp;segnen.\"\t\t\t<\/span>\n\t\t\t\t\t\t<\/span>\n\t\t\t\t<\/p>\n\t\t\t\t\t\t<\/div>\n\t\t\t\t<\/div>\n\t\t\t\t<div class=\"elementor-element elementor-element-a31e651 animated-slow elementor-invisible elementor-widget elementor-widget-text-editor\" data-id=\"a31e651\" data-element_type=\"widget\" data-e-type=\"widget\" data-settings=\"{&quot;_animation&quot;:&quot;fadeIn&quot;,&quot;_animation_delay&quot;:1000}\" data-widget_type=\"text-editor.default\">\n\t\t\t\t<div class=\"elementor-widget-container\">\n\t\t\t\t\t\t\t\t\t<p>(1. Mose 12,3)<\/p>\t\t\t\t\t\t\t\t<\/div>\n\t\t\t\t<\/div>\n\t\t\t\t<div class=\"elementor-element elementor-element-4ff09a1 elementor-widget elementor-widget-text-editor\" data-id=\"4ff09a1\" data-element_type=\"widget\" data-e-type=\"widget\" data-widget_type=\"text-editor.default\">\n\t\t\t\t<div class=\"elementor-widget-container\">\n\t\t\t\t\t\t\t\t\t<h2><b>Der Zahlungsverkehr wird in der ganzen Schweiz angepasst.<\/b><\/h2>\n<p>Deshalb wird ab September 2022 der orange Einzahlungsschein nicht mehr g\u00fcltig sein. Der neue QR- ES ersetzt den ES.<br>Wir bitten alle, die bei der Post oder Bank einen Dauerauftrag haben, dies zu veranlassen mit dem abgebildeten neuen ES:<\/p>\t\t\t\t\t\t\t\t<\/div>\n\t\t\t\t<\/div>\n\t\t\t\t<div class=\"elementor-element elementor-element-669cc4a elementor-widget elementor-widget-image\" data-id=\"669cc4a\" data-element_type=\"widget\" data-e-type=\"widget\" data-widget_type=\"image.default\">\n\t\t\t\t<div class=\"elementor-widget-container\">\n\t\t\t\t\t\t\t\t\t\t\t\t\t\t\t\t<a href=\"https:\/\/www.brueckezuisrael.org\/israel\/wp-content\/uploads\/sites\/4\/2023\/03\/es-israel-jpg.jpg\" data-elementor-open-lightbox=\"no\">\n\t\t\t\t\t\t\t<img decoding=\"async\" width=\"1700\" height=\"830\" src=\"https:\/\/www.brueckezuisrael.org\/israel\/wp-content\/uploads\/sites\/4\/2023\/03\/es-israel-jpg.jpg\" class=\"attachment-full size-full wp-image-249\" alt=\"\" srcset=\"https:\/\/www.brueckezuisrael.org\/israel\/wp-content\/uploads\/sites\/4\/2023\/03\/es-israel-jpg.jpg 1700w, https:\/\/www.brueckezuisrael.org\/israel\/wp-content\/uploads\/sites\/4\/2023\/03\/es-israel-jpg-300x146.jpg 300w, https:\/\/www.brueckezuisrael.org\/israel\/wp-content\/uploads\/sites\/4\/2023\/03\/es-israel-jpg-1024x500.jpg 1024w, https:\/\/www.brueckezuisrael.org\/israel\/wp-content\/uploads\/sites\/4\/2023\/03\/es-israel-jpg-768x375.jpg 768w, https:\/\/www.brueckezuisrael.org\/israel\/wp-content\/uploads\/sites\/4\/2023\/03\/es-israel-jpg-1536x750.jpg 1536w\" sizes=\"(max-width: 1700px) 100vw, 1700px\" \/>\t\t\t\t\t\t\t\t<\/a>\n\t\t\t\t\t\t\t\t\t\t\t\t\t\t\t<\/div>\n\t\t\t\t<\/div>\n\t\t\t\t\t<\/div>\n\t\t<\/div>\n\t\t\t\t\t<\/div>\n\t\t<\/section>\n\t\t\t\t<\/div>\n\t\t","protected":false},"excerpt":{"rendered":"<p>&#8230; auf den Webseiten der &#8222;Br\u00fccke zu Israel&#8220; ! Magdalena (\u2020) und Timotheus (\u2020) Augstburger, Gr\u00fcnder der Br\u00fccke zu Israel Das Hilfswerk &#8222;Br\u00fccke zu Israel&#8220; unterst\u00fctzt hilfsbed\u00fcrftige Menschen in Israel sowie soziale Projekte und Organisationen in Israel, welche sich um Arme und Bed\u00fcrftige k\u00fcmmern und Aufbauhilfe leisten. Uns ist es ein Anliegen, zum Aufbau des [&hellip;]<\/p>\n","protected":false},"author":1,"featured_media":0,"parent":0,"menu_order":0,"comment_status":"closed","ping_status":"open","template":"","meta":{"footnotes":""},"class_list":["post-2","page","type-page","status-publish","hentry"],"yoast_head":"<!-- This site is optimized with the Yoast SEO plugin v27.5 - https:\/\/yoast.com\/product\/yoast-seo-wordpress\/ -->\n<title>Shalom und herzlich Willkommen &#8211; Br\u00fccke zu Israel<\/title>\n<meta name=\"robots\" content=\"index, follow, max-snippet:-1, max-image-preview:large, max-video-preview:-1\" \/>\n<link rel=\"canonical\" href=\"https:\/\/www.brueckezuisrael.org\/israel\/\" \/>\n<meta property=\"og:locale\" content=\"de_DE\" \/>\n<meta property=\"og:type\" content=\"article\" \/>\n<meta property=\"og:title\" content=\"Shalom und herzlich Willkommen &#8211; Br\u00fccke zu Israel\" \/>\n<meta property=\"og:description\" content=\"&#8230; auf den Webseiten der &#8222;Br\u00fccke zu Israel&#8220; ! Magdalena (\u2020) und Timotheus (\u2020) Augstburger, Gr\u00fcnder der Br\u00fccke zu Israel Das Hilfswerk &#8222;Br\u00fccke zu Israel&#8220; unterst\u00fctzt hilfsbed\u00fcrftige Menschen in Israel sowie soziale Projekte und Organisationen in Israel, welche sich um Arme und Bed\u00fcrftige k\u00fcmmern und Aufbauhilfe leisten. Uns ist es ein Anliegen, zum Aufbau des [&hellip;]\" \/>\n<meta property=\"og:url\" content=\"https:\/\/www.brueckezuisrael.org\/israel\/\" \/>\n<meta property=\"og:site_name\" content=\"Br\u00fccke zu Israel\" \/>\n<meta property=\"article:modified_time\" content=\"2024-08-17T12:02:13+00:00\" \/>\n<meta property=\"og:image\" content=\"https:\/\/www.brueckezuisrael.org\/israel\/wp-content\/uploads\/sites\/4\/2023\/02\/EhepaarAugstburger-e1677436183774.jpg\" \/>\n<meta name=\"twitter:card\" content=\"summary_large_image\" \/>\n<meta name=\"twitter:label1\" content=\"Gesch\u00e4tzte Lesezeit\" \/>\n\t<meta name=\"twitter:data1\" content=\"2\u00a0Minuten\" \/>\n<script type=\"application\/ld+json\" class=\"yoast-schema-graph\">{\"@context\":\"https:\\\/\\\/schema.org\",\"@graph\":[{\"@type\":\"WebPage\",\"@id\":\"https:\\\/\\\/www.brueckezuisrael.org\\\/israel\\\/\",\"url\":\"https:\\\/\\\/www.brueckezuisrael.org\\\/israel\\\/\",\"name\":\"Shalom und herzlich Willkommen &#8211; Br\u00fccke zu Israel\",\"isPartOf\":{\"@id\":\"https:\\\/\\\/www.brueckezuisrael.org\\\/israel\\\/#website\"},\"primaryImageOfPage\":{\"@id\":\"https:\\\/\\\/www.brueckezuisrael.org\\\/israel\\\/#primaryimage\"},\"image\":{\"@id\":\"https:\\\/\\\/www.brueckezuisrael.org\\\/israel\\\/#primaryimage\"},\"thumbnailUrl\":\"https:\\\/\\\/www.brueckezuisrael.org\\\/israel\\\/wp-content\\\/uploads\\\/sites\\\/4\\\/2023\\\/02\\\/EhepaarAugstburger-e1677436183774.jpg\",\"datePublished\":\"2023-02-26T13:57:20+00:00\",\"dateModified\":\"2024-08-17T12:02:13+00:00\",\"breadcrumb\":{\"@id\":\"https:\\\/\\\/www.brueckezuisrael.org\\\/israel\\\/#breadcrumb\"},\"inLanguage\":\"de\",\"potentialAction\":[{\"@type\":\"ReadAction\",\"target\":[\"https:\\\/\\\/www.brueckezuisrael.org\\\/israel\\\/\"]}]},{\"@type\":\"ImageObject\",\"inLanguage\":\"de\",\"@id\":\"https:\\\/\\\/www.brueckezuisrael.org\\\/israel\\\/#primaryimage\",\"url\":\"https:\\\/\\\/www.brueckezuisrael.org\\\/israel\\\/wp-content\\\/uploads\\\/sites\\\/4\\\/2023\\\/02\\\/EhepaarAugstburger-e1677436183774.jpg\",\"contentUrl\":\"https:\\\/\\\/www.brueckezuisrael.org\\\/israel\\\/wp-content\\\/uploads\\\/sites\\\/4\\\/2023\\\/02\\\/EhepaarAugstburger-e1677436183774.jpg\",\"width\":220,\"height\":349,\"caption\":\"Magdalena (\u2020) und Timotheus (\u2020) Augstburger, Gr\u00fcnder der Br\u00fccke zu Israel\"},{\"@type\":\"BreadcrumbList\",\"@id\":\"https:\\\/\\\/www.brueckezuisrael.org\\\/israel\\\/#breadcrumb\",\"itemListElement\":[{\"@type\":\"ListItem\",\"position\":1,\"name\":\"Home\",\"item\":\"https:\\\/\\\/www.brueckezuisrael.org\\\/israel\\\/\"},{\"@type\":\"ListItem\",\"position\":2,\"name\":\"Shalom und herzlich Willkommen\"}]},{\"@type\":\"WebSite\",\"@id\":\"https:\\\/\\\/www.brueckezuisrael.org\\\/israel\\\/#website\",\"url\":\"https:\\\/\\\/www.brueckezuisrael.org\\\/israel\\\/\",\"name\":\"Br\u00fccke zu Israel\",\"description\":\"Motivieren von Menschen zu einer Israel-freundlichen Gesinnung und Unterst\u00fctzung von hilfsbed\u00fcrftigen Menschen in Israel\",\"publisher\":{\"@id\":\"https:\\\/\\\/www.brueckezuisrael.org\\\/israel\\\/#organization\"},\"potentialAction\":[{\"@type\":\"SearchAction\",\"target\":{\"@type\":\"EntryPoint\",\"urlTemplate\":\"https:\\\/\\\/www.brueckezuisrael.org\\\/israel\\\/?s={search_term_string}\"},\"query-input\":{\"@type\":\"PropertyValueSpecification\",\"valueRequired\":true,\"valueName\":\"search_term_string\"}}],\"inLanguage\":\"de\"},{\"@type\":\"Organization\",\"@id\":\"https:\\\/\\\/www.brueckezuisrael.org\\\/israel\\\/#organization\",\"name\":\"Hilfswerk Br\u00fccke zu Israel\",\"alternateName\":\"Br\u00fccke zu Israel\",\"url\":\"https:\\\/\\\/www.brueckezuisrael.org\\\/israel\\\/\",\"logo\":{\"@type\":\"ImageObject\",\"inLanguage\":\"de\",\"@id\":\"https:\\\/\\\/www.brueckezuisrael.org\\\/israel\\\/#\\\/schema\\\/logo\\\/image\\\/\",\"url\":\"https:\\\/\\\/dev1.websketches.net\\\/israel\\\/wp-content\\\/uploads\\\/sites\\\/4\\\/2023\\\/02\\\/bruecke_israel-favicon.png\",\"contentUrl\":\"https:\\\/\\\/dev1.websketches.net\\\/israel\\\/wp-content\\\/uploads\\\/sites\\\/4\\\/2023\\\/02\\\/bruecke_israel-favicon.png\",\"width\":512,\"height\":512,\"caption\":\"Hilfswerk Br\u00fccke zu Israel\"},\"image\":{\"@id\":\"https:\\\/\\\/www.brueckezuisrael.org\\\/israel\\\/#\\\/schema\\\/logo\\\/image\\\/\"}}]}<\/script>\n<!-- \/ Yoast SEO plugin. -->","yoast_head_json":{"title":"Shalom und herzlich Willkommen &#8211; Br\u00fccke zu Israel","robots":{"index":"index","follow":"follow","max-snippet":"max-snippet:-1","max-image-preview":"max-image-preview:large","max-video-preview":"max-video-preview:-1"},"canonical":"https:\/\/www.brueckezuisrael.org\/israel\/","og_locale":"de_DE","og_type":"article","og_title":"Shalom und herzlich Willkommen &#8211; Br\u00fccke zu Israel","og_description":"&#8230; auf den Webseiten der &#8222;Br\u00fccke zu Israel&#8220; ! Magdalena (\u2020) und Timotheus (\u2020) Augstburger, Gr\u00fcnder der Br\u00fccke zu Israel Das Hilfswerk &#8222;Br\u00fccke zu Israel&#8220; unterst\u00fctzt hilfsbed\u00fcrftige Menschen in Israel sowie soziale Projekte und Organisationen in Israel, welche sich um Arme und Bed\u00fcrftige k\u00fcmmern und Aufbauhilfe leisten. Uns ist es ein Anliegen, zum Aufbau des [&hellip;]","og_url":"https:\/\/www.brueckezuisrael.org\/israel\/","og_site_name":"Br\u00fccke zu Israel","article_modified_time":"2024-08-17T12:02:13+00:00","og_image":[{"url":"https:\/\/www.brueckezuisrael.org\/israel\/wp-content\/uploads\/sites\/4\/2023\/02\/EhepaarAugstburger-e1677436183774.jpg","type":"","width":"","height":""}],"twitter_card":"summary_large_image","twitter_misc":{"Gesch\u00e4tzte Lesezeit":"2\u00a0Minuten"},"schema":{"@context":"https:\/\/schema.org","@graph":[{"@type":"WebPage","@id":"https:\/\/www.brueckezuisrael.org\/israel\/","url":"https:\/\/www.brueckezuisrael.org\/israel\/","name":"Shalom und herzlich Willkommen &#8211; Br\u00fccke zu Israel","isPartOf":{"@id":"https:\/\/www.brueckezuisrael.org\/israel\/#website"},"primaryImageOfPage":{"@id":"https:\/\/www.brueckezuisrael.org\/israel\/#primaryimage"},"image":{"@id":"https:\/\/www.brueckezuisrael.org\/israel\/#primaryimage"},"thumbnailUrl":"https:\/\/www.brueckezuisrael.org\/israel\/wp-content\/uploads\/sites\/4\/2023\/02\/EhepaarAugstburger-e1677436183774.jpg","datePublished":"2023-02-26T13:57:20+00:00","dateModified":"2024-08-17T12:02:13+00:00","breadcrumb":{"@id":"https:\/\/www.brueckezuisrael.org\/israel\/#breadcrumb"},"inLanguage":"de","potentialAction":[{"@type":"ReadAction","target":["https:\/\/www.brueckezuisrael.org\/israel\/"]}]},{"@type":"ImageObject","inLanguage":"de","@id":"https:\/\/www.brueckezuisrael.org\/israel\/#primaryimage","url":"https:\/\/www.brueckezuisrael.org\/israel\/wp-content\/uploads\/sites\/4\/2023\/02\/EhepaarAugstburger-e1677436183774.jpg","contentUrl":"https:\/\/www.brueckezuisrael.org\/israel\/wp-content\/uploads\/sites\/4\/2023\/02\/EhepaarAugstburger-e1677436183774.jpg","width":220,"height":349,"caption":"Magdalena (\u2020) und Timotheus (\u2020) Augstburger, Gr\u00fcnder der Br\u00fccke zu Israel"},{"@type":"BreadcrumbList","@id":"https:\/\/www.brueckezuisrael.org\/israel\/#breadcrumb","itemListElement":[{"@type":"ListItem","position":1,"name":"Home","item":"https:\/\/www.brueckezuisrael.org\/israel\/"},{"@type":"ListItem","position":2,"name":"Shalom und herzlich Willkommen"}]},{"@type":"WebSite","@id":"https:\/\/www.brueckezuisrael.org\/israel\/#website","url":"https:\/\/www.brueckezuisrael.org\/israel\/","name":"Br\u00fccke zu Israel","description":"Motivieren von Menschen zu einer Israel-freundlichen Gesinnung und Unterst\u00fctzung von hilfsbed\u00fcrftigen Menschen in Israel","publisher":{"@id":"https:\/\/www.brueckezuisrael.org\/israel\/#organization"},"potentialAction":[{"@type":"SearchAction","target":{"@type":"EntryPoint","urlTemplate":"https:\/\/www.brueckezuisrael.org\/israel\/?s={search_term_string}"},"query-input":{"@type":"PropertyValueSpecification","valueRequired":true,"valueName":"search_term_string"}}],"inLanguage":"de"},{"@type":"Organization","@id":"https:\/\/www.brueckezuisrael.org\/israel\/#organization","name":"Hilfswerk Br\u00fccke zu Israel","alternateName":"Br\u00fccke zu Israel","url":"https:\/\/www.brueckezuisrael.org\/israel\/","logo":{"@type":"ImageObject","inLanguage":"de","@id":"https:\/\/www.brueckezuisrael.org\/israel\/#\/schema\/logo\/image\/","url":"https:\/\/dev1.websketches.net\/israel\/wp-content\/uploads\/sites\/4\/2023\/02\/bruecke_israel-favicon.png","contentUrl":"https:\/\/dev1.websketches.net\/israel\/wp-content\/uploads\/sites\/4\/2023\/02\/bruecke_israel-favicon.png","width":512,"height":512,"caption":"Hilfswerk Br\u00fccke zu Israel"},"image":{"@id":"https:\/\/www.brueckezuisrael.org\/israel\/#\/schema\/logo\/image\/"}}]}},"_links":{"self":[{"href":"https:\/\/www.brueckezuisrael.org\/israel\/wp-json\/wp\/v2\/pages\/2","targetHints":{"allow":["GET"]}}],"collection":[{"href":"https:\/\/www.brueckezuisrael.org\/israel\/wp-json\/wp\/v2\/pages"}],"about":[{"href":"https:\/\/www.brueckezuisrael.org\/israel\/wp-json\/wp\/v2\/types\/page"}],"author":[{"embeddable":true,"href":"https:\/\/www.brueckezuisrael.org\/israel\/wp-json\/wp\/v2\/users\/1"}],"replies":[{"embeddable":true,"href":"https:\/\/www.brueckezuisrael.org\/israel\/wp-json\/wp\/v2\/comments?post=2"}],"version-history":[{"count":173,"href":"https:\/\/www.brueckezuisrael.org\/israel\/wp-json\/wp\/v2\/pages\/2\/revisions"}],"predecessor-version":[{"id":1136,"href":"https:\/\/www.brueckezuisrael.org\/israel\/wp-json\/wp\/v2\/pages\/2\/revisions\/1136"}],"wp:attachment":[{"href":"https:\/\/www.brueckezuisrael.org\/israel\/wp-json\/wp\/v2\/media?parent=2"}],"curies":[{"name":"wp","href":"https:\/\/api.w.org\/{rel}","templated":true}]}}